o**2 + 6*o - 64. Let c(z) = 7*r(z) + 2*v(z). Calculate the remainder when c(-5) is divided by 11.
10
Suppose -257*l + 102 = -254*l. Let z(j) = j**3 - 5*j**2 - 5*j + 3. Calculate the remainder when l is divided by z(6).
7
Let s(h) = 2*h**3 + 15*h**2 - 11*h - 6. What is the remainder when 88 is divided by s(-8)?
16
Let i(r) = 7*r**2 + 2*r - 1. Suppose -5*y + 4*k + 8 = 0, -y + 4*y - k = 9. Suppose -6 = -2*j - y. What is the remainder when 30 is divided by i(j)?
6
Let w be (-28)/(-8)*4 + -4. Suppose 5*h - 5*l = 0, -2*h = -2*l + 5*l - w. What is the remainder when 1 is divided by (-1)/(-2 - (-3 + h))?
0
Suppose -4*m = -2*t + 22, -5*t - m + 55 = -0*m. Suppose -2*h + 90 = 4*i - 88, 3*i - 5*h = 114. What is the remainder when i is divided by t?
10
Calculate the remainder when (1*-6)/3 + 94 + -12 is divided by 24.
8
Let g(m) = -m**3 + 5*m**2 + 11*m - 1. Calculate the remainder when g(5) is divided by 34.
20
Let x(h) = h**2 - 3*h. Let u be x(3). What is the remainder when -43*(-3 + u)/3 is divided by 22?
21
Suppose -5*w + 53 + 2 = 0. Calculate the remainder when w is divided by 1113/168 + 40/(-64).
5
Let c = 52 - 53. Calculate the remainder when 1*c/2*-84*1 is divided by 15.
12
Calculate the remainder when 39 is divided by 13/((-14)/98 - (-24)/21).
0
Suppose 6*h - 117 = 7*h. Let w = h + 179. Suppose -2*c = 3*v - 50, 40 = 2*c - 0*v - 2*v. What is the remainder when w is divided by c?
18
Suppose -5*s + 44 = l, -2*l - 5*s + 8*s + 127 = 0. Calculate the remainder when l is divided by 12.
11
Suppose 2 = -0*o + 5*o + 3*n, -4*o + 4*n + 8 = 0. Calculate the remainder when 15 is divided by 1 + 6 + (o - 4).
3
Suppose 3*w - 429 = -2*c, 3*w = c - 0*w - 210. Suppose -5*n + c = -2*q, 2*q - 26 + 75 = n. What is the remainder when 80 is divided by n?
39
Calculate the remainder when 222 is divided by (5 + -6)*-8*4.
30
Let a(c) = 50*c + 320. What is the remainder when a(-6) is divided by 10?
0
Let f(n) = -n**2 - 6*n - 5. Let x be f(-4). Let g be 1/(1*x/15). Suppose -g*v + 72 = -v. What is the remainder when 70 is divided by v?
16
Let o(c) = -c**3 + 6*c**2 - 7*c + 16. Let q be o(6). Calculate the remainder when 40 is divided by 2 - (q/2 - -1).
12
Let z(d) = d**3 - 5*d**2 - 4*d + 7. Let i = -114 - -165. What is the remainder when z(6) is divided by (-33)/(-4)*68/i?
8
Let c be 5*(-124)/10*1/(-2). Let j = c + 49. What is the remainder when j is divided by 21?
17
Suppose 3*c + 331 = 4*z, 9*c - 2 = 11*c. What is the remainder when z is divided by 12?
10
What is the remainder when 30 is divided by -2 + 13 + -4 + -5?
0
Suppose -10*i + 3201 = -4349. What is the remainder when i is divided by 63?
62
Suppose 3*b - k = 294 + 223, 857 = 5*b - 4*k. Calculate the remainder when b is divided by 44.
41
Let r = 375 + -345. Calculate the remainder when 145 is divided by r.
25
Suppose h + k - 4 = 1, 2*h - 5*k = -4. Let l(i) = 4*i - 3. What is the remainder when (h - (-3 - -4)) + 26 is divided by l(5)?
11
Let j = -507 - -624. Calculate the remainder when j is divided by 98.
19
Suppose -258 - 172 = -2*v - 4*y, 4*v = -5*y + 845. Let t = -31 - -44. Calculate the remainder when v is divided by t.
10
Let i(t) = t**2 + 3*t + 21. What is the remainder when i(-15) is divided by 23?
17
Let q(p) = -26*p - 3. Let h(s) = -3*s - 7. Let z be h(-2). Calculate the remainder when 90 is divided by q(z).
21
Suppose 3*t + 5*r + 8 = 0, t - 2*r - 1 = 11. Calculate the remainder when 15 is divided by (-9)/((-54)/t)*6.
3
Let d(z) = z - 1. Let w(s) = -4*s + 19. Let b(k) = 5*d(k) + w(k). Calculate the remainder when 42 is divided by b(8).
20
Let h(s) = -3*s + s**3 + 27 + 0*s**3 - 2*s**2 - 23. Let j be h(3). Let t = 10 + j. Calculate the remainder when 39 is divided by t.
11
Suppose 0 = -c - c - 14. Let d(u) = u**3 + 9*u**2 + 6*u + 5. What is the remainder when d(c) is divided by 19 + (-30)/9 + 3/9?
13
Let f(t) = t**3 - 10*t**2 + 23*t - 3. Let a be f(7). Suppose -2*y + 5*k = -25, 19 = 3*y - 5*k - a. Calculate the remainder when 21 is divided by y.
1
Suppose -c - 4*x = -2*x - 13, 0 = -5*c + 3*x. Suppose -27 = -c*y - 3*a, -5*y - 4*a - 20 + 60 = 0. What is the remainder when 15 is divided by y?
3
Suppose 25*p = 24*p + 75. Let j = -9 - 3. What is the remainder when p is divided by 78*(-3 - 40/j)?
23
Let o(x) = x**2 + 9*x - 16. Suppose -138 = k - 7*k. Calculate the remainder when k is divided by o(-11).
5
Let g = -2736 + 2763. Suppose 3*q - 21 = -0*q. Calculate the remainder when g is divided by q.
6
Suppose 6*d = d + 30. Suppose 4*k - 4*q = -4, k + 3*q - 1 - 2 = 0. Suppose -4*i + 0*i + 40 = k. What is the remainder when i is divided by d?
4
Let x(n) = n + 1. Let d(m) = -8*m - 19. Let s(k) = -d(k) - 2*x(k). Let p be s(16). Suppose -p = -5*w - 3. What is the remainder when w is divided by 9?
4
Let a = 215 + 102. What is the remainder when a is divided by 11?
9
Suppose -3*u = 15*u - 36. Suppose u*f - 50 = -0*f. What is the remainder when f is divided by 9?
7
Let g(m) = 2*m**3 + 27*m**2 - 46*m - 9. What is the remainder when 483 is divided by g(-15)?
3
Let c(g) be the third derivative of 3*g**4/8 - 5*g**3 + 2*g**2. What is the remainder when 209 is divided by c(8)?
41
Calculate the remainder when 24 is divided by 242/(-44)*(0 + (-8)/22).
0
Let q(s) = s**2 + s + 18. Let i(v) = 5 - 3 - 11 + 12*v - 5. Calculate the remainder when i(7) is divided by q(0).
16
Suppose 4*q = 5*c - 170 - 269, -3*q - 79 = -c. Calculate the remainder when c is divided by 66.
25
Let s = -17 + 19. Suppose s = -2*o - 6. Calculate the remainder when -1 - (o + -3 + -1) is divided by 4.
3
Let a(o) = -243 + 2*o + o + 260. What is the remainder when a(4) is divided by -2*1*(-45)/6?
14
Suppose 125 = -3*k - l, -4*k - 90 = -2*k - l. Let m = k - -65. What is the remainder when -4*158/(-10) + 29/(-145) is divided by m?
19
Let g be 150/15*(0 + 2/5). Suppose 2*y - g = 32. Calculate the remainder when 89 is divided by y.
17
Let a(s) = -3*s + 11. Suppose 0 = -5*u - b + 9, b - 5 = -4*u - 2*b. Calculate the remainder when a(u) is divided by 4.
1
What is the remainder when ((-21)/6 + 3)/(7/(-2576)) is divided by 62?
60
Let s = -151 - -235. Let r = s + -31. Calculate the remainder when r is divided by 11.
9
Let p(f) = -6*f - 19. Let c = 135 - 69. What is the remainder when c is divided by p(-9)?
31
Let k = 20 - 133. Let c = k + 145. Calculate the remainder when 62 is divided by c.
30
Let p = -2459 + 2469. Let d = -5 + 8. Calculate the remainder when p is divided by d.
1
Suppose 66 = p - 77. Calculate the remainder when p is divided by 29.
27
Let g = 44 - 34. What is the remainder when 26 is divided by g?
6
Suppose -35*j = -29*j - 84. What is the remainder when 180 is divided by j?
12
Suppose 77 + 20 = 3*l - 4*j, -3*l - 3*j + 90 = 0. Let y(x) = -3*x**2 - x + 59. What is the remainder when y(0) is divided by l?
28
Let a = -21 - -56. Suppose -2*d + m = -6 - a, -2*d + 3*m = -39. Calculate the remainder when 62 is divided by d.
20
Suppose 4*c = 3*n - 836 + 2433, -5*n = 5*c - 1970. What is the remainder when c is divided by 21?
19
Let i = 12 - 9. Let p(c) = c. Let w be p(i). Suppose w*a + 23 = 4*a. What is the remainder when a is divided by 8?
7
Let i(v) = 28*v**2 - v - 1. Let l be 9/(-12) + (-34)/8. What is the remainder when i(-1) is divided by 17 + 1*(3 + l)?
13
Let x = 388 - -474. Calculate the remainder when x is divided by 48.
46
What is the remainder when 116 is divided by 1 + 3 + (24 - 32) - -28?
20
Suppose -21*k - 63*k = -80472. Calculate the remainder when k is divided by 60.
58
What is the remainder when (8/12)/((-1)/(-36)) is divided by ((-42)/(-8))/(3/8)?
10
Suppose 3*t = 4*q - 105, 40*t + 95 = 3*q + 41*t. Calculate the remainder when 328 is divided by q.
28
Let u(g) = 8*g**2 - 2*g + 1. Let j = -313 + 329. Calculate the remainder when u(2) is divided by j.
13
Suppose 520*v = 517*v + 36. Suppose 5*h + 12 = 3*h. Let z = v + h. Calculate the remainder when z is divided by 2.
0
Suppose -6*i = -3*i - 342. Let m be i/12 - (-2)/(-4). Let f = m - -6. What is the remainder when f is divided by 9?
6
Suppose 8*w = 6*w + b + 13, 2*b = -3*w + 30. What is the remainder when 62 is divided by w?
6
Suppose 0 = 3*z - 2*z - 25. Let n(v) = -8*v + 29. Let i(o) = 38*o - 144. Let d(m) = 3*i(m) + 16*n(m). Calculate the remainder when d(-3) is divided by z.
24
Let l(g) = -g**3 - 18*g**